{"id":582,"date":"2021-03-23T23:24:25","date_gmt":"2021-03-23T22:24:25","guid":{"rendered":"http:\/\/www.lempreintedesoi.be\/accueil\/?page_id=582"},"modified":"2021-03-25T22:49:32","modified_gmt":"2021-03-25T21:49:32","slug":"lempreinte-de-soi-vincianne-gillard","status":"publish","type":"page","link":"http:\/\/www.lempreintedesoi.be\/accueil\/lempreinte-de-soi-vincianne-gillard\/","title":{"rendered":"L\u2019Empreinte de Soi &#8211; Vincianne Gillard"},"content":{"rendered":"\n<figure class=\"wp-block-image size-large is-resized is-style-default\"><a href=\"http:\/\/www.lempreintedesoi.be\/wp-content\/uploads\/2021\/03\/Photo-Presentation-Vincianne.jpg\"><img loading=\"lazy\" src=\"http:\/\/www.lempreintedesoi.be\/wp-content\/uploads\/2021\/03\/Photo-Presentation-Vincianne.jpg\" alt=\"\" class=\"wp-image-585\" width=\"190\" height=\"313\" srcset=\"http:\/\/www.lempreintedesoi.be\/wp-content\/uploads\/2021\/03\/Photo-Presentation-Vincianne.jpg 380w, http:\/\/www.lempreintedesoi.be\/wp-content\/uploads\/2021\/03\/Photo-Presentation-Vincianne-182x300.jpg 182w\" sizes=\"(max-width: 190px) 100vw, 190px\" \/><\/a><\/figure>\n\n\n\n<p>41 ans, maman de 3 enfants MAGIQUES et explosifs.<\/p>\n\n\n\n<p>De nature <strong>SPONTANEE<\/strong>, <strong>OPTIMISTE<\/strong>, <strong>AUTHENTIQUE<\/strong>.&nbsp; Je m\u2019\u00e9merveille devant les choses simples de la vie&nbsp;: le <strong>SOLEIL<\/strong> qui <strong>BRILLE<\/strong>, une <strong>BALADE<\/strong> au grand <strong>AIR<\/strong>, une soir\u00e9e en <strong>AMOUREUX<\/strong>, un repas en <strong>FAMILLE<\/strong>,\u2026<\/p>\n\n\n\n<p>Je pratique la course \u00e0 pied, la marche et le v\u00e9lo en famille.<\/p>\n\n\n\n<p>Dipl\u00f4m\u00e9e en \u00e9conomie, mon parcours professionnel a d\u00e9marr\u00e9 au sein de grandes multinationales. A la recherche de nouveaux d\u00e9fis, je multipliais les nouveaux postes et les d\u00e9ceptions allaient bon train.<\/p>\n\n\n\n<p>Je savais que je n\u2019\u00e9tais pas \u00e0 ma place. <strong>INDEPENDANTE<\/strong> dans l\u2019\u00e2me et ayant soif de <strong>LIBERTE<\/strong>, je voulais donner plus de <strong>SENS<\/strong> \u00e0 ma vie professionnelle et priv\u00e9e.<\/p>\n\n\n\n<p>Apr\u00e8s un temps d\u2019<strong>INTROSPECTION<\/strong>, de petites<strong> FORMATIONS<\/strong> et de belles <strong>RENCONTRES<\/strong>, tout s\u2019est \u00e9clair\u00e9&nbsp;!<\/p>\n\n\n\n<p>J\u2019ai d\u00e9couvert ce qui me fait vibrer&nbsp;: les rapports Humains avec un grand \u00ab&nbsp;H&nbsp;\u00bb associ\u00e9s avec ma passion&nbsp;pour les m\u00e9thodes naturelles de sant\u00e9.<\/p>\n\n\n\n<p>Depuis 2011, je n\u2019ai cess\u00e9 de me former, de lire, de d\u00e9couvrir dans ces domaines. Je prends soin \u00e9galement de me faire accompagner pour les petites et les grandes difficult\u00e9s que je rencontre en chemin.<\/p>\n\n\n\n<p>Convaincue que notre corps forme un TOUT et que nous fonctionnons de mani\u00e8re OPTIMALE que si les diff\u00e9rentes sph\u00e8res (PHYSIQUE, MENTALE, \u00c9MOTIONNELLE et <strong>SPIRITUELLE<\/strong>) sont en <strong>\u00e9quilibre<\/strong>.<\/p>\n\n\n\n<p>Je vous propose diff\u00e9rentes techniques qui vous permettront de retrouver VOTRE \u00c9QUILIBRE et <strong>VOTRE MIEUX-\u00caTRE<\/strong>.<\/p>\n\n\n\n<p>J\u2019ai le plaisir \u00e9galement de partager autour de la Sant\u00e9 et du Mieux-\u00catre en animant des formations et des ateliers pour particuliers et entreprises.<\/p>\n\n\n\n<p>Au PLAISIR de vous accompagner sur le chemin de votre Mieux-\u00eatre\u00a0!<\/p>\n\n\n\n<div class=\"wp-block-columns are-vertically-aligned-center\">\n<div class=\"wp-block-column is-vertically-aligned-center\" style=\"flex-basis:100%\">\n<div class=\"wp-block-group\"><div class=\"wp-block-group__inner-container\">\n<div class=\"wp-block-image\"><figure class=\"aligncenter size-large is-resized\"><img src=\"http:\/\/www.lempreintedesoi.be\/wp-content\/uploads\/2021\/03\/Presentation-Vincianne-Neige-edited-1.jpg\" alt=\"\" class=\"wp-image-588\" width=\"384\" srcset=\"http:\/\/www.lempreintedesoi.be\/wp-content\/uploads\/2021\/03\/Presentation-Vincianne-Neige-edited-1.jpg 2448w, http:\/\/www.lempreintedesoi.be\/wp-content\/uploads\/2021\/03\/Presentation-Vincianne-Neige-edited-1-300x300.jpg 300w, http:\/\/www.lempreintedesoi.be\/wp-content\/uploads\/2021\/03\/Presentation-Vincianne-Neige-edited-1-1024x1024.jpg 1024w, http:\/\/www.lempreintedesoi.be\/wp-content\/uploads\/2021\/03\/Presentation-Vincianne-Neige-edited-1-150x150.jpg 150w, http:\/\/www.lempreintedesoi.be\/wp-content\/uploads\/2021\/03\/Presentation-Vincianne-Neige-edited-1-768x768.jpg 768w, http:\/\/www.lempreintedesoi.be\/wp-content\/uploads\/2021\/03\/Presentation-Vincianne-Neige-edited-1-1536x1536.jpg 1536w, http:\/\/www.lempreintedesoi.be\/wp-content\/uploads\/2021\/03\/Presentation-Vincianne-Neige-edited-1-2048x2048.jpg 2048w\" sizes=\"(max-width: 2448px) 100vw, 2448px\" \/><\/figure><\/div>\n<\/div><\/div>\n<\/div>\n<\/div>\n","protected":false},"excerpt":{"rendered":"<p>41 ans, maman de 3 enfants MAGIQUES et explosifs. De nature SPONTANEE, OPTIMISTE, AUTHENTIQUE.&nbsp; Je m\u2019\u00e9merveille devant les choses simples de la vie&nbsp;: le SOLEIL qui BRILLE, une BALADE au grand AIR, une soir\u00e9e en AMOUREUX, un repas en FAMILLE,\u2026 Je pratique la course \u00e0 pied, la marche et le v\u00e9lo en famille. Dipl\u00f4m\u00e9e en [&hellip;]<\/p>\n","protected":false},"author":2,"featured_media":0,"parent":0,"menu_order":0,"comment_status":"closed","ping_status":"closed","template":"","meta":{"spay_email":""},"jetpack_sharing_enabled":true,"jetpack_shortlink":"https:\/\/wp.me\/P65qBv-9o","_links":{"self":[{"href":"http:\/\/www.lempreintedesoi.be\/accueil\/wp-json\/wp\/v2\/pages\/582"}],"collection":[{"href":"http:\/\/www.lempreintedesoi.be\/accueil\/wp-json\/wp\/v2\/pages"}],"about":[{"href":"http:\/\/www.lempreintedesoi.be\/accueil\/wp-json\/wp\/v2\/types\/page"}],"author":[{"embeddable":true,"href":"http:\/\/www.lempreintedesoi.be\/accueil\/wp-json\/wp\/v2\/users\/2"}],"replies":[{"embeddable":true,"href":"http:\/\/www.lempreintedesoi.be\/accueil\/wp-json\/wp\/v2\/comments?post=582"}],"version-history":[{"count":9,"href":"http:\/\/www.lempreintedesoi.be\/accueil\/wp-json\/wp\/v2\/pages\/582\/revisions"}],"predecessor-version":[{"id":641,"href":"http:\/\/www.lempreintedesoi.be\/accueil\/wp-json\/wp\/v2\/pages\/582\/revisions\/641"}],"wp:attachment":[{"href":"http:\/\/www.lempreintedesoi.be\/accueil\/wp-json\/wp\/v2\/media?parent=582"}],"curies":[{"name":"wp","href":"https:\/\/api.w.org\/{rel}","templated":true}]}}

<figure class="wp-block-image size-large is-resized is-style-default"><a href="http://www.lempreintedesoi.be/wp-content/uploads/2021/03/Photo-Presentation-Vincianne.jpg"><img loading="lazy" src="http://www.lempreintedesoi.be/wp-content/uploads/2021/03/Photo-Presentation-Vincianne.jpg" alt="" class="wp-image-585" width="190" height="313" srcset="http://www.lempreintedesoi.be/wp-content/uploads/2021/03/Photo-Presentation-Vincianne.jpg 380w, http://www.lempreintedesoi.be/wp-content/uploads/2021/03/Photo-Presentation-Vincianne-182x300.jpg 182w" sizes="(max-width: 190px) 100vw, 190px" /></a></figure>



<p>41 ans, maman de 3 enfants MAGIQUES et explosifs.</p>



<p>De nature <strong>SPONTANEE</strong>, <strong>OPTIMISTE</strong>, <strong>AUTHENTIQUE</strong>.&nbsp; Je m’émerveille devant les choses simples de la vie&nbsp;: le <strong>SOLEIL</strong> qui <strong>BRILLE</strong>, une <strong>BALADE</strong> au grand <strong>AIR</strong>, une soirée en <strong>AMOUREUX</strong>, un repas en <strong>FAMILLE</strong>,…</p>



<p>Je pratique la course à pied, la marche et le vélo en famille.</p>



<p>Diplômée en économie, mon parcours professionnel a démarré au sein de grandes multinationales. A la recherche de nouveaux défis, je multipliais les nouveaux postes et les déceptions allaient bon train.</p>



<p>Je savais que je n’étais pas à ma place. <strong>INDEPENDANTE</strong> dans l’âme et ayant soif de <strong>LIBERTE</strong>, je voulais donner plus de <strong>SENS</strong> à ma vie professionnelle et privée.</p>



<p>Après un temps d’<strong>INTROSPECTION</strong>, de petites<strong> FORMATIONS</strong> et de belles <strong>RENCONTRES</strong>, tout s’est éclairé&nbsp;!</p>



<p>J’ai découvert ce qui me fait vibrer&nbsp;: les rapports Humains avec un grand «&nbsp;H&nbsp;» associés avec ma passion&nbsp;pour les méthodes naturelles de santé.</p>



<p>Depuis 2011, je n’ai cessé de me former, de lire, de découvrir dans ces domaines. Je prends soin également de me faire accompagner pour les petites et les grandes difficultés que je rencontre en chemin.</p>



<p>Convaincue que notre corps forme un TOUT et que nous fonctionnons de manière OPTIMALE que si les différentes sphères (PHYSIQUE, MENTALE, ÉMOTIONNELLE et <strong>SPIRITUELLE</strong>) sont en <strong>équilibre</strong>.</p>



<p>Je vous propose différentes techniques qui vous permettront de retrouver VOTRE ÉQUILIBRE et <strong>VOTRE MIEUX-ÊTRE</strong>.</p>



<p>J’ai le plaisir également de partager autour de la Santé et du Mieux-Être en animant des formations et des ateliers pour particuliers et entreprises.</p>



<p>Au PLAISIR de vous accompagner sur le chemin de votre Mieux-être !</p>



<div class="wp-block-columns are-vertically-aligned-center">
<div class="wp-block-column is-vertically-aligned-center" style="flex-basis:100%">
<div class="wp-block-group"><div class="wp-block-group__inner-container">
<div class="wp-block-image"><figure class="aligncenter size-large is-resized"><img src="http://www.lempreintedesoi.be/wp-content/uploads/2021/03/Presentation-Vincianne-Neige-edited-1.jpg" alt="" class="wp-image-588" width="384" srcset="http://www.lempreintedesoi.be/wp-content/uploads/2021/03/Presentation-Vincianne-Neige-edited-1.jpg 2448w, http://www.lempreintedesoi.be/wp-content/uploads/2021/03/Presentation-Vincianne-Neige-edited-1-300x300.jpg 300w, http://www.lempreintedesoi.be/wp-content/uploads/2021/03/Presentation-Vincianne-Neige-edited-1-1024x1024.jpg 1024w, http://www.lempreintedesoi.be/wp-content/uploads/2021/03/Presentation-Vincianne-Neige-edited-1-150x150.jpg 150w, http://www.lempreintedesoi.be/wp-content/uploads/2021/03/Presentation-Vincianne-Neige-edited-1-768x768.jpg 768w, http://www.lempreintedesoi.be/wp-content/uploads/2021/03/Presentation-Vincianne-Neige-edited-1-1536x1536.jpg 1536w, http://www.lempreintedesoi.be/wp-content/uploads/2021/03/Presentation-Vincianne-Neige-edited-1-2048x2048.jpg 2048w" sizes="(max-width: 2448px) 100vw, 2448px" /></figure></div>
</div></div>
</div>
</div>

<p>41 ans, maman de 3 enfants MAGIQUES et explosifs. De nature SPONTANEE, OPTIMISTE, AUTHENTIQUE.&nbsp; Je m’émerveille devant les choses simples de la vie&nbsp;: le SOLEIL qui BRILLE, une BALADE au grand AIR, une soirée en AMOUREUX, un repas en FAMILLE,… Je pratique la course à pied, la marche et le vélo en famille. Diplômée en [&hellip;]</p>
