{"id":277,"date":"2017-01-16T18:05:58","date_gmt":"2017-01-16T17:05:58","guid":{"rendered":"http:\/\/www.lempreintedesoi.be\/accueil\/?page_id=277"},"modified":"2018-05-01T14:10:06","modified_gmt":"2018-05-01T13:10:06","slug":"entreprises","status":"publish","type":"page","link":"http:\/\/www.lempreintedesoi.be\/accueil\/entreprises\/","title":{"rendered":"Entreprises"},"content":{"rendered":"<h4><span style=\"font-family: sans-serif;\">Massage Assis<\/span><\/h4>\n<p>Bienfaits\u00a0: voir onglet <u><a href=\"http:\/\/www.lempreintedesoi.be\/accueil\/amma-assis\/\">Amma Assis<\/a><\/u><\/p>\n<p><strong>Pourquoi int\u00e9grer le massage assis au sein de votre entreprise\u00a0?<\/strong><\/p>\n<table>\n<tbody>\n<tr>\n<td>\n<ul>\n<li>Outil de <strong>pr\u00e9vention<\/strong> et de <strong>gestion du stress<\/strong>: diminue l\u2019absent\u00e9isme et accro\u00eet la productivit\u00e9<\/li>\n<li><strong>Rapide<\/strong> (20 minutes)<\/li>\n<li><strong>Demande peu d\u2019espace<\/strong> (2m2)<\/li>\n<li>Se pratique <strong>habill\u00e9<\/strong><\/li>\n<li><strong>Augmente<\/strong> la <strong>concentration<\/strong> et la cr\u00e9ativit\u00e9<\/li>\n<li>Contribue \u00e0 l\u2019<strong>image de marque<\/strong> et renforce le <strong>sentiment d\u2019appartenance <\/strong>\u00e0 l\u2019entreprise<\/li>\n<\/ul>\n<p>Possibilit\u00e9 d\u2019intervenir <strong>r\u00e9guli\u00e8rement<\/strong> (hebdomadairement, mensuellement ou bi mensuellement) ou <strong>ponctuellement pour des \u00e9v\u00e9nements<\/strong> (teambuilding, porte ouverte, exposition, f\u00eate du personnel, f\u00eate d\u2019entreprise,\u2026)<\/p>\n<p><strong>Diff\u00e9rentes mani\u00e8re d\u2019envisager la prise en charge de la facturation\u00a0<\/strong>:<\/p>\n<ul>\n<li style=\"list-style-type: none;\">\n<ul>\n<li><strong>aux frais de la soci\u00e9t\u00e9<\/strong><\/li>\n<li><strong>frais partag\u00e9<\/strong>s entre le <strong>collaborateur<\/strong> et la <strong>soci\u00e9t\u00e9<\/strong><\/li>\n<\/ul>\n<\/li>\n<\/ul>\n<ul>\n<li><strong>aux frais de la personne<\/strong> qui re\u00e7oit le massage<\/li>\n<\/ul>\n<p>A vous de choisir\u2026<\/p>\n<p><span style=\"color: #ff0000;\"><strong><u>Tarif<\/u><\/strong><\/span>\u00a0: <strong>60\u20ac TVAC\/heure par massoth\u00e9rapeute<\/strong> (d\u00e9placement pour minimum 5 massages).<br \/>\nCe prix s&rsquo;entend HTVA ainsi que TVAC (petite entreprise soumise au r\u00e9gime de la franchise de taxe, TVA non applicable) et hors frais de d\u00e9placement (0,35\u20ac\/km par massoth\u00e9rapeute)<\/p>\n<p><strong>Possibilit\u00e9 d\u2019intervenir \u00e0 plusieurs praticiens pour des grands groupes.<\/strong><\/p>\n<p>Devis sur simple demande.<\/td>\n<td><a href=\"https:\/\/javry.com\/\"><img loading=\"lazy\" class=\"wp-image-476 alignnone\" src=\"http:\/\/www.lempreintedesoi.be\/wp-content\/uploads\/2018\/05\/Massage_Assis.jpg\" alt=\"\" width=\"586\" height=\"781\" srcset=\"http:\/\/www.lempreintedesoi.be\/wp-content\/uploads\/2018\/05\/Massage_Assis.jpg 1080w, http:\/\/www.lempreintedesoi.be\/wp-content\/uploads\/2018\/05\/Massage_Assis-225x300.jpg 225w, http:\/\/www.lempreintedesoi.be\/wp-content\/uploads\/2018\/05\/Massage_Assis-768x1023.jpg 768w, http:\/\/www.lempreintedesoi.be\/wp-content\/uploads\/2018\/05\/Massage_Assis-769x1024.jpg 769w\" sizes=\"(max-width: 586px) 100vw, 586px\" \/><\/a><\/td>\n<\/tr>\n<\/tbody>\n<\/table>\n<hr \/>\n<h4><span style=\"font-family: sans-serif;\">Conf\u00e9rences<\/span><\/h4>\n<p>Vous \u00eates une <strong>entreprise<\/strong>, une <strong>collectivit\u00e9<\/strong>, une <strong>association<\/strong>, une <strong>mutuelle<\/strong>, une <strong>maison de retraite<\/strong>, une <strong>administration<\/strong>, une <strong>\u00e9cole<\/strong>&#8230;<\/p>\n<p><img loading=\"lazy\" class=\"alignleft wp-image-291\" src=\"http:\/\/www.lempreintedesoi.be\/wp-content\/uploads\/2017\/01\/Culture-netreprise-formations-300x196.jpg\" alt=\"\" width=\"260\" height=\"170\" srcset=\"http:\/\/www.lempreintedesoi.be\/wp-content\/uploads\/2017\/01\/Culture-netreprise-formations-300x196.jpg 300w, http:\/\/www.lempreintedesoi.be\/wp-content\/uploads\/2017\/01\/Culture-netreprise-formations.jpg 314w\" sizes=\"(max-width: 260px) 100vw, 260px\" \/><\/p>\n<p><strong>Faites entrer le naturel au sein de votre entreprise !<\/strong><\/p>\n<p>Aujourd\u2019hui, nous savons \u00e0 quel point il est important de se sentir bien pour \u00eatre efficace et productif.<\/p>\n<p>Vous souhaitez <strong>promouvoir la pr\u00e9vention-sant\u00e9<\/strong>, les <strong>bienfaits de l&rsquo;hygi\u00e8ne de vie<\/strong>, <strong>l&rsquo;alimentation-saine<\/strong> aupr\u00e8s de vos collaborateurs, \u00e9l\u00e8ves, r\u00e9sidents, \u2026. ?<\/p>\n<p>Je vous accompagne dans votre d\u00e9marche en organisant vos conf\u00e9rences\/ateliers autour de la sant\u00e9 et du bien-\u00eatre.<\/p>\n<p><strong>Nous d\u00e9veloppons ensemble la th\u00e9matique qui vous interpelle<\/strong>.<\/p>\n<p>Exemple de th\u00e8mes\u00a0: gestion du stress, alimentation \u00e9quilibr\u00e9e au travail, petite pharmacie d\u2019urgence naturelle, \u2026<\/p>\n<p>N&rsquo;h\u00e9sitez pas \u00e0 me <a href=\"http:\/\/sante-et-naturopathie.e-monsite.com\/contact.html\"><u><strong>contacter<\/strong><\/u><\/a> pour me faire part de votre probl\u00e9matique, de vos objectifs.<\/p>\n<p>Nous trouverons ensemble une formule qui r\u00e9pondra \u00e0 vos attentes.<\/p>\n<p><strong>\u00a0<\/strong><\/p>\n<p>&nbsp;<\/p>\n","protected":false},"excerpt":{"rendered":"<p>Massage Assis Bienfaits\u00a0: voir onglet Amma Assis Pourquoi int\u00e9grer le massage assis au sein de votre entreprise\u00a0? Outil de pr\u00e9vention et de gestion du stress: diminue l\u2019absent\u00e9isme et accro\u00eet la productivit\u00e9 Rapide (20 minutes) Demande peu d\u2019espace (2m2) Se pratique habill\u00e9 Augmente la concentration et la cr\u00e9ativit\u00e9 Contribue \u00e0 l\u2019image de marque et renforce le [&hellip;]<\/p>\n","protected":false},"author":1,"featured_media":0,"parent":0,"menu_order":0,"comment_status":"closed","ping_status":"closed","template":"","meta":{"spay_email":""},"jetpack_sharing_enabled":true,"jetpack_shortlink":"https:\/\/wp.me\/P65qBv-4t","_links":{"self":[{"href":"http:\/\/www.lempreintedesoi.be\/accueil\/wp-json\/wp\/v2\/pages\/277"}],"collection":[{"href":"http:\/\/www.lempreintedesoi.be\/accueil\/wp-json\/wp\/v2\/pages"}],"about":[{"href":"http:\/\/www.lempreintedesoi.be\/accueil\/wp-json\/wp\/v2\/types\/page"}],"author":[{"embeddable":true,"href":"http:\/\/www.lempreintedesoi.be\/accueil\/wp-json\/wp\/v2\/users\/1"}],"replies":[{"embeddable":true,"href":"http:\/\/www.lempreintedesoi.be\/accueil\/wp-json\/wp\/v2\/comments?post=277"}],"version-history":[{"count":24,"href":"http:\/\/www.lempreintedesoi.be\/accueil\/wp-json\/wp\/v2\/pages\/277\/revisions"}],"predecessor-version":[{"id":483,"href":"http:\/\/www.lempreintedesoi.be\/accueil\/wp-json\/wp\/v2\/pages\/277\/revisions\/483"}],"wp:attachment":[{"href":"http:\/\/www.lempreintedesoi.be\/accueil\/wp-json\/wp\/v2\/media?parent=277"}],"curies":[{"name":"wp","href":"https:\/\/api.w.org\/{rel}","templated":true}]}}