{"id":273,"date":"2017-01-16T18:00:33","date_gmt":"2017-01-16T17:00:33","guid":{"rendered":"http:\/\/www.lempreintedesoi.be\/accueil\/?page_id=273"},"modified":"2021-03-26T09:54:43","modified_gmt":"2021-03-26T08:54:43","slug":"naturopathie","status":"publish","type":"page","link":"http:\/\/www.lempreintedesoi.be\/accueil\/naturopathie\/","title":{"rendered":"Coaching Sant\u00e9 \u2013 Naturopathie"},"content":{"rendered":"<p>La <strong>Naturopathie<\/strong>: l\u2019art de <strong>maintenir<\/strong> ou de <strong>se r\u00e9approprier sa sant\u00e9<\/strong> avec l\u2019aide de techniques et de moyens naturels.<\/p>\n<p>La Naturopathie est une <strong>approche holistique<\/strong> ce qui signifie qu\u2019elle <strong>prend en compte l\u2019\u00eatre dans sa globalit\u00e9<\/strong> et donc sous ses diff\u00e9rents plans\u00a0: <strong>physique, psychique, \u00e9motionnel et spirituel.<\/strong><\/p>\n<p><img loading=\"lazy\" class=\"aligncenter size-medium wp-image-301\" src=\"http:\/\/www.lempreintedesoi.be\/wp-content\/uploads\/2017\/01\/R\u00e9sum\u00e9-naturo-300x85.jpg\" alt=\"\" width=\"300\" height=\"85\" srcset=\"http:\/\/www.lempreintedesoi.be\/wp-content\/uploads\/2017\/01\/R\u00e9sum\u00e9-naturo-300x85.jpg 300w, http:\/\/www.lempreintedesoi.be\/wp-content\/uploads\/2017\/01\/R\u00e9sum\u00e9-naturo.jpg 347w\" sizes=\"(max-width: 300px) 100vw, 300px\" \/><\/p>\n<p>L\u00e0 o\u00f9 la m\u00e9decine traite le sympt\u00f4me, la naturopathie recherche <strong>la cause<\/strong> du ou des troubles menant \u00e0 un <strong>d\u00e9s\u00e9quilibre de sant\u00e9<\/strong>. La Naturopathie est <strong>compl\u00e9mentaire \u00e0 la m\u00e9decine allopathique<\/strong> mais ne se veut en aucun cas son substitut.<\/p>\n<p>Le <strong>r\u00f4le<\/strong> du\u00a0 <strong>Naturopathe<\/strong> est avant tout de faire de la <strong>pr\u00e9vention<\/strong> et d\u2019agir en tant qu\u2019<strong>\u00e9ducateur de sant\u00e9<\/strong>.<\/p>\n<h4><span style=\"font-family: sans-serif;\">Pourquoi consulter un naturopathe\u00a0?<\/span><\/h4>\n<p>Pour trouver une <strong>solution<\/strong> \u00e0 la plupart des<strong> maux chroniques ou fonctionnels<\/strong> (troubles li\u00e9s au dysfonctionnement\u00a0 d\u2019un syst\u00e8me et pour lesquels il n\u2019y a pas d\u2019atteinte au niveau organique) tels que <strong>les troubles digestifs, le stress, le surpoids, les infections \u00e0 r\u00e9p\u00e9tition, les allergies, les troubles hormonaux, les inflammations et douleurs diverses<\/strong>\u2026<\/p>\n<p>Bref, <strong>bon nombre de petits ou gros soucis li\u00e9s de pr\u00e8s ou de loin \u00e0 nos modes de vies et d\u2019alimentation.<\/strong><\/p>\n<table>\n<tbody>\n<tr>\n<td>\n<ul>\n<li>Pour <strong>retrouver votre vitalit\u00e9<\/strong> originelle ou pour <strong>garder la sant\u00e9<\/strong> tout simplement<\/li>\n<li>Parce que vous avez envie de <strong>perdre du poids<\/strong> et\/ou de <strong>vous alimenter plus sainement<\/strong><\/li>\n<li>Parce que <strong>vous optez pour des moyens naturels<\/strong> pour prendre soin de vous.<\/li>\n<\/ul>\n<\/td>\n<td><img loading=\"lazy\" class=\"wp-image-299 aligncenter\" src=\"http:\/\/www.lempreintedesoi.be\/wp-content\/uploads\/2017\/01\/naturo-plat-300x200.jpg\" alt=\"\" width=\"227\" height=\"151\" srcset=\"http:\/\/www.lempreintedesoi.be\/wp-content\/uploads\/2017\/01\/naturo-plat-300x200.jpg 300w, http:\/\/www.lempreintedesoi.be\/wp-content\/uploads\/2017\/01\/naturo-plat-768x512.jpg 768w, http:\/\/www.lempreintedesoi.be\/wp-content\/uploads\/2017\/01\/naturo-plat-1024x682.jpg 1024w, http:\/\/www.lempreintedesoi.be\/wp-content\/uploads\/2017\/01\/naturo-plat-600x400.jpg 600w, http:\/\/www.lempreintedesoi.be\/wp-content\/uploads\/2017\/01\/naturo-plat.jpg 1772w\" sizes=\"(max-width: 227px) 100vw, 227px\" \/><\/td>\n<\/tr>\n<\/tbody>\n<\/table>\n<h4><span style=\"font-family: sans-serif;\">Comment se d\u00e9roule une visite chez le Naturopathe\u00a0?<\/span><\/h4>\n<p>Le Naturopathe:<\/p>\n<ul>\n<li>R\u00e9alise un <strong>bilan de vitalit\u00e9<\/strong> <strong>personnalis\u00e9<\/strong> sur base d\u2019une anamn\u00e8se (questionnaire d\u00e9taill\u00e9 sur vos sympt\u00f4mes, habitudes alimentaires\u2026) et s\u2019aidera au besoin d\u2019autres techniques telles que la r\u00e9flexologie plantaire, l\u2019iridologie, \u2026.<\/li>\n<li><strong>Propose un programme d\u2019hygi\u00e8ne vitale<\/strong> personnalis\u00e9 d\u00e9coulant de l\u2019\u00e9change durant la s\u00e9ance.<\/li>\n<li><strong>Accompagne la personne consultante dans sa d\u00e9marche de mieux-\u00eatre<\/strong> par un suivi plus ou moins r\u00e9gulier en fonction des demandes et attentes de celle-ci.<\/li>\n<li><strong>Oriente vers d\u2019autres professionnels de sant\u00e9 si n\u00e9cessaire.<\/strong><\/li>\n<\/ul>\n<p>Diff\u00e9rents <strong>outils<\/strong> sont utilis\u00e9s en Naturopathie\u00a0:<\/p>\n<table>\n<tbody>\n<tr>\n<td>\n<ul>\n<li>La <strong>Nutrition\/Di\u00e9t\u00e9tique<\/strong> (aliments sant\u00e9, hypo-cuisson, \u2026)<\/li>\n<li>La <strong>Phytoth\u00e9rapie<\/strong> et la <strong>Gemmoth\u00e9rapie<\/strong>\u00a0(plantes, bourgeons\u2026)<\/li>\n<li>L\u2019<strong>Aromath\u00e9rapie<\/strong> (les huiles essentielles)<\/li>\n<li>L\u2019<strong>Hygi\u00e8ne Vitale<\/strong> (exercices, respiration, sommeil, eau, \u2026)<\/li>\n<li>La <strong>Nutrith\u00e9rapie<\/strong>\u00a0(compl\u00e9mentation en vitamines, min\u00e9raux, oligo-\u00e9lements)<\/li>\n<li>Les <strong>Fleurs de Bach<\/strong> (\u00e9lixirs floraux afin d\u2019\u00e9quilibrer l\u2019\u00e9motionnel)<\/li>\n<li>La <strong>Gestion du Stress<\/strong> (massages, relaxation, marche, m\u00e9ditation,\u2026)<\/li>\n<\/ul>\n<\/td>\n<td>\u00a0<img loading=\"lazy\" class=\"aligncenter size-medium wp-image-300\" src=\"http:\/\/www.lempreintedesoi.be\/wp-content\/uploads\/2017\/01\/Nutriments-300x95.jpg\" alt=\"\" width=\"300\" height=\"95\" srcset=\"http:\/\/www.lempreintedesoi.be\/wp-content\/uploads\/2017\/01\/Nutriments-300x95.jpg 300w, http:\/\/www.lempreintedesoi.be\/wp-content\/uploads\/2017\/01\/Nutriments.jpg 553w\" sizes=\"(max-width: 300px) 100vw, 300px\" \/><\/td>\n<\/tr>\n<\/tbody>\n<\/table>\n<table style=\"width: 30%;\">\n<tbody>\n<tr>\n<th style=\"text-align: center;\"><span style=\"color: #ff0000;\">Dur\u00e9e<\/span><\/th>\n<th style=\"text-align: center;\"><span style=\"color: #ff0000;\">Tarifs<\/span><\/th>\n<\/tr>\n<\/tbody>\n<tbody>\n<tr>\n<td style=\"text-align: center;\"><strong>60min<\/strong><\/td>\n<td align=\"center\"><strong>60\u20ac<\/strong><\/td>\n<\/tr>\n<tr>\n<td style=\"text-align: center;\"><strong>suivi<\/strong> <strong>45min<\/strong><\/td>\n<td align=\"center\"><strong>45\u20ac<\/strong><\/td>\n<\/tr>\n<\/tbody>\n<\/table>\n","protected":false},"excerpt":{"rendered":"<p>La Naturopathie: l\u2019art de maintenir ou de se r\u00e9approprier sa sant\u00e9 avec l\u2019aide de techniques et de moyens naturels. La Naturopathie est une approche holistique ce qui signifie qu\u2019elle prend en compte l\u2019\u00eatre dans sa globalit\u00e9 et donc sous ses diff\u00e9rents plans\u00a0: physique, psychique, \u00e9motionnel et spirituel. L\u00e0 o\u00f9 la m\u00e9decine traite le sympt\u00f4me, la [&hellip;]<\/p>\n","protected":false},"author":1,"featured_media":0,"parent":0,"menu_order":0,"comment_status":"closed","ping_status":"closed","template":"","meta":{"spay_email":""},"jetpack_sharing_enabled":true,"jetpack_shortlink":"https:\/\/wp.me\/P65qBv-4p","_links":{"self":[{"href":"http:\/\/www.lempreintedesoi.be\/accueil\/wp-json\/wp\/v2\/pages\/273"}],"collection":[{"href":"http:\/\/www.lempreintedesoi.be\/accueil\/wp-json\/wp\/v2\/pages"}],"about":[{"href":"http:\/\/www.lempreintedesoi.be\/accueil\/wp-json\/wp\/v2\/types\/page"}],"author":[{"embeddable":true,"href":"http:\/\/www.lempreintedesoi.be\/accueil\/wp-json\/wp\/v2\/users\/1"}],"replies":[{"embeddable":true,"href":"http:\/\/www.lempreintedesoi.be\/accueil\/wp-json\/wp\/v2\/comments?post=273"}],"version-history":[{"count":16,"href":"http:\/\/www.lempreintedesoi.be\/accueil\/wp-json\/wp\/v2\/pages\/273\/revisions"}],"predecessor-version":[{"id":729,"href":"http:\/\/www.lempreintedesoi.be\/accueil\/wp-json\/wp\/v2\/pages\/273\/revisions\/729"}],"wp:attachment":[{"href":"http:\/\/www.lempreintedesoi.be\/accueil\/wp-json\/wp\/v2\/media?parent=273"}],"curies":[{"name":"wp","href":"https:\/\/api.w.org\/{rel}","templated":true}]}}